 10/75 + (h/(-30) - -4). Determine a(v).
6
Let g(f) = 40 - 128 - f**2 + 33 + 10*f + 42. Let x be g(7). Let j(k) = -2*k + 10. Give j(x).
-6
Suppose 3*o = -2*o - 10. Let r = -228 + 230. Let z(t) = -t**3 - 2 + 3*t**3 - 2*t**2 + 3 + 0*t - r*t - 2. Give z(o).
-21
Let o(u) = u + 45. Suppose -28*x - 223 = 673. Determine o(x).
13
Let i = 0 + 5. Suppose 14*h + 40 = 66 + 30. Suppose -10 = v - i*o + 6, -15 = 3*v - h*o. Let k(l) = 3*l**3 - 2*l**2 - l. Calculate k(v).
-4
Let s(o) be the first derivative of -o**3/6 - o**2 - 140*o + 221. Let h(v) be the first derivative of s(v). What is h(-5)?
3
Let q(w) be the first derivative of w**4/4 + 5*w**3 + 9*w**2/2 - 54*w - 6725. Calculate q(-14).
16
Let t(v) be the third derivative of -13*v**4/24 + 31*v**3/2 - v**2 - 936*v. What is t(7)?
2
Let c(l) = -797*l**2 - 796*l**2 - 801*l**2 + 2 + 2391*l**2 + 3*l. Determine c(5).
-58
Let x(l) = 3*l - 2. Let p(q) = q**3 - 5*q**2 - 3*q - 1. Suppose s = -3*y + 15, -3*y - 2*s + 12 = -0*y. Let v be p(y). Let c = v + -19. Calculate x(c).
-8
Suppose 0 = -13*i + 928 - 876. Let f(o) = 54*o - 218. What is f(i)?
-2
Suppose -3*j + 2*p + 14 = 0, 2*j - 5*p = -j + 26. Let r(g) be the second derivative of -g**3/6 - g**2 - 13055*g + 1. Determine r(j).
-4
Suppose -16 + 34 = 6*j. Let s(p) = -71 + 72 + p**2 + j*p - 6*p - p. Calculate s(4).
1
Let k(g) be the second derivative of g**5/20 + g**4/6 - g**3/2 - 4*g**2 - 1468*g. Give k(-3).
-8
Let v(c) be the second derivative of c**5/20 - 3*c**4/2 + 5*c**3/2 + 17*c**2/2 - 2577*c. Give v(17).
-17
Let t(j) be the third derivative of j**5/60 - 7*j**4/24 + j**3/2 + 16*j**2 - 1. Let v be t(1). Let s(g) = -g**2 - g + 2. Give s(v).
-4
Let h(x) be the first derivative of -1/12*x**4 - 5*x**3 + 0*x + 0*x**2 + 1/120*x**5 + 6. Let d(n) be the third derivative of h(n). Determine d(-3).
-5
Suppose 13910 = -22*s - 4*s. Let t = 546 + s. Let k(i) = i**3 - 10*i**2 - 11*i - 6. Determine k(t).
-6
Let d = -7 - -11. Suppose d*f - 18 = -50. Let l(g) = -7*g + 3*g**2 - g - 6 - g**3 + 8*g**2 + 6*g**2 - 26*g**2. Calculate l(f).
-6
Let q(t) = -t**2 - 7*t. Suppose -65 = -5*a + 4*v, 0*v - v = 0. Let f(k) = k + 29. Let x be f(-12). Suppose -x = 5*p + a. What is q(p)?
6
Let l(r) = r**3 + 18*r**2 + 4*r + 76. Let a be l(-18). Let n(m) = a + 14 + 118*m - 119*m + 5. Give n(0).
23
Let x(i) be the first derivative of i**7/840 - i**6/360 - i**5/120 - 11*i**3 + 42. Let c(k) be the third derivative of x(k). Calculate c(-2).
-10
Let j(t) = t**3 + 15*t**2 + 2*t + 38. Suppose 51*c + 953 = 188. Determine j(c).
8
Let p(z) be the second derivative of z**6/360 - z**5/15 - z**4/24 - z**3 + 43*z. Let n(v) be the second derivative of p(v). Determine n(8).
-1
Let a be (72/45)/(7/5 + -12 + 11). Let z(f) = 30*f - 132. Determine z(a).
-12
Let f(x) = -23*x**2 + 177*x - 266. Let d(h) = 3*h**2 - 25*h + 35. Let c(s) = -15*d(s) - 2*f(s). Determine c(-13).
-97
Let y(k) = -k**2 - 9*k - 3. Let z(h) = -h. Let p(o) = -y(o) + 6*z(o). Let i be (3/8)/(9/(-60)*310/372). Determine p(i).
3
Suppose 3*m - 89 + 39 = -2*q, -2*m - q = -33. Let o(v) = 25 - v**2 - m*v + 35 - 39. Determine o(-17).
4
Let b(a) = -2*a**3 - 4*a**2 + 4*a - 2. Let y be 6/((-2)/3*3). Let d be b(y). Let c(w) = -w**2 + 5*w - 5. Calculate c(d).
-1
Suppose 0 = 5*y + 25, 0 = l - 0*y - 2*y - 42. Let m(j) = j**3 - j**2 + j - 39 + j + l. Let f be m(0). Let s(r) = r**2 + 6*r - 1. Give s(f).
6
Let j(f) = 6*f**2 + 77*f + 67. Let t be j(-1). Let v(p) be the first derivative of 2*p**3/3 + p**2 + 6*p + 5. What is v(t)?
30
Let o(k) = k**3 - 14348 - 10*k**2 - 23*k + 28687 - 14347. What is o(12)?
4
Let s(b) be the second derivative of -3/2*b**3 + 1/120*b**5 + 15*b + 0*b**2 + 0 + 1/3*b**4. Let z(u) be the second derivative of s(u). What is z(-6)?
2
Let b(q) = 11*q**3 + 2*q**2 - 4*q. Let j(g) = 2*g**3 + g**2 - g. Suppose -4*y - n = -15, -3*y + 4*n + 31 = -4. Let k(s) = y*j(s) - b(s). Calculate k(4).
-20
Let f(c) = 2 + 2 - c**3 - 5*c**2 - 1. Let k = 59 + -55. Suppose 4*w - 5*b = -21, -k*w = 3*b - 1 + 14. Determine f(w).
-13
Suppose 3*k = 2*g - 15, -4*k + 5*k + 33 = 3*g. Suppose -2*m + 13*q = g*q - 6, 4*m + 5*q = -2. Let h(z) = -3*z + 1. Calculate h(m).
-5
Let r(a) be the second derivative of 0 + 2*a**2 + 59*a + 1/3*a**3. Give r(-5).
-6
Suppose 2*q = 7*q - 3*c - 2464, 0 = 5*c + 15. Let s = q - 485. Let w(t) = -t**2 + 7*t + 3. What is w(s)?
9
Let w(a) be the first derivative of 3*a**2 - 16*a - 7 + 1/3*a**3. Let r(q) be the first derivative of w(q). Give r(5).
16
Let s(y) be the third derivative of -y**3 + 0 - 224*y**2 + 1/24*y**4 + 0*y. Determine s(-4).
-10
Let b(u) = -293*u + 2054. Let h be b(7). Let t(y) be the first derivative of -2 + 4*y**2 + 0*y - 1/3*y**h. Calculate t(7).
7
Let u(b) = -12*b + 8. Let v = -16600 - -16609. Give u(v).
-100
Let n(g) = g**2 - 11*g - 1. Let b(d) = -38*d - 270. Let h be b(-7). Let x be (-22)/(-4)*(3 + h + 3). Give n(x).
-1
Let w(f) be the third derivative of f**5/20 + f**4/4 - f**3/3 - 4*f**2. Let l(g) = 13*g**2 + 22*g - 9. Let j(n) = 2*l(n) - 9*w(n). What is j(-10)?
0
Let b(r) = r**2 + 4*r - 4. Let n be b(-5). Let z(j) = -n + 46*j - 94*j + 45*j. What is z(-3)?
8
Let d(r) = 63*r + 58. Let z(w) = 24*w + 22. Let y(b) = 5*d(b) - 13*z(b). Determine y(-12).
-32
Let h(p) = 11*p + 8. Let v(q) = -28*q - 25. Let c(t) = 5*h(t) + 2*v(t). Let j = -14 - 2. Calculate c(j).
6
Let b(r) be the third derivative of r**6/120 - r**5/60 + r**4/24 - 25*r**2 + 3*r + 185. Suppose 3*t = 2*t. Determine b(t).
0
Let h(m) = -m**3 + 4 - 1876*m**2 - 16*m + 2*m**3 + 1864*m**2. Determine h(13).
-35
Let s(t) = -t + 9. Let v be (-1 - 0) + -39 - (-3 - 1). Let a be (-276)/v - 5/3. Determine s(a).
3
Let d(u) = 2*u + 9. Let g(p) = -4*p + 92. Let t be g(7). Suppose -135*w + 127*w = t. Give d(w).
-7
Let j = -10384 + 10400. Let q(x) = -x**3 + 17*x**2 - 19*x + 21. Calculate q(j).
-27
Let t(y) = 3*y**2 + 24*y**2 - 2*y**2 + 25*y**3 + 5*y + 42*y + 32 - 24*y**3. Let v be t(-23). Let j(l) = -l + 1. Give j(v).
-8
Let b(x) = -42*x - 35. Let v(o) = -154*o - 106. Let h(y) = 7*b(y) - 2*v(y). Give h(3).
9
Suppose f + 11 = -5*w, 2*f - 11 = -0*f + w. Suppose z = 4*u - 47, 4*u + f*z - 8*z = 32. Let l = u - 18. Let d(t) = -t**2 - 3*t + 3. What is d(l)?
-7
Let t(h) = 44*h**2 - 7 + 8 - h**3 + 7 - 51*h**2 + h. Suppose -2*p + 2*q + 11 = p, 5*p = -3*q + 12. Suppose 4*z = p*z - 7. What is t(z)?
1
Let s(o) be the third derivative of 0 - 1/30*o**5 + 0*o - 7/6*o**3 - 51*o**2 + 19/24*o**4. What is s(9)?
2
Let l(u) = u**2 - 7*u + 5. Let m(t) = 0*t**3 - 5*t + 1 - 3*t**3 + 4*t**2 - 3*t**3 + 4*t**3. Let c be m(3). Let f = c - -39. What is l(f)?
5
Let v(u) = -u**3 - 16*u**2 - 13*u - 24. Let t(l) = 3*l**3 + 17*l**2 + 32*l + 33. Let o be t(-4). Give v(o).
-54
Let o(y) = -y**3 + 27*y**2 + 22*y + 3. Let h(a) = a**3 - 20*a**2 - 20*a - 4. Let u(c) = 4*h(c) + 3*o(c). Determine u(-4).
1
Let h(z) = 3*z + 4. Let u = 96 - 69. Suppose 26*d + 51 + u = 0. Determine h(d).
-5
Let h(s) = 9*s + 167 - 34 + 15*s - 29*s. Let w be h(27). Let i(u) = -3*u - 2. What is i(w)?
4
Let c(o) = -o**2 + 7*o + 3. Let g(k) = -15*k - 401. Let h be g(-27). Suppose -u + 18 = -0*u. Suppose h*w - 7*w - 2*m + u = 0, -4*w - 5*m + 31 = 0. Give c(w).
15
Suppose 0 = 4*p - 4*m + 4, -p - p + 5*m + 10 = 0. Let j be p*(1 + -1 - 1). Let b(c) = -8 - 5845380*c**2 + 5845381*c**2 - 3*c + 1. What is b(j)?
3
Let h(x) = -x**3 - 8*x**2 + 10*x - 3. Suppose 0 = 3*k + 276 - 195. Let j be (6/9)/(110/k + 4). Determine h(j).
-12
Let m(r) = 3*r. Suppose -2*x - 2*w + 0*w + 114 = 0, 4*x - w - 243 = 0. Suppose 3*q + x = 23*q. Give m(q).
9
Let r(b) = 4*b + 1. Let a(i) = -i**3 + 9*i**2 + 16*i - 60. Let g be a(10). Determine r(g).
1
Let h(z) = 2*z**2 - z + 1. Suppose -46 = 10*c - 26. Let d(s) = s**2 + 2*s + 1. Let m be d(c). Calculate h(m).
2
Let a be 807/(-2152) - (-5)/(-8). Let o(p) = -9*p**2 - 3*p + 1. Let g(w) = -8*w**2 - 2*w + 1. Let x(t) = -5*g(t) + 4*o(t). What is x(a)?
5
Let b(n) = 22*n + 89. Let j = 13 + -17. Let u be b(j). Let z(l) be the third derivative of -3*l**5/20 - l**4/24 + l**2. Determine z(u).
-10
Let x(r) be the second derivative of 2*r**3/3 + 17*r**2/2 + 14*r + 64. What is x(9)?
53
Let a = -1462 + 1468. Let f(q) = -q**3 + 5*q**2 + 9*q - 14. Determine f(a).
4
Let x(q) = -q + 18. Let g(b) = b - 16. Let v be (36/16)/(5/((-200)/(-15))). Let f(l) = v*x(l) + 7*g(l